he greatest common factor of 17 and m.
17
Suppose -5*n - 9 = -3*k, n + 6 = 2*k + 6*n. Let y(h) = 35*h - 212. Suppose 5*m + 17 - 52 = 0. Let d be y(m). Calculate the highest common factor of k and d.
3
Let m be (((-126)/(-4))/((-27)/36))/(-2). Suppose -6*r = -r - 140. What is the highest common divisor of r and m?
7
Let k(y) be the first derivative of 5*y**3/3 + 3*y**2/2 - 4*y - 13. Let g be k(-3). Suppose g = -14*n + 18*n. Calculate the highest common factor of n and 2.
2
Let n = 8034 + -7909. What is the greatest common divisor of n and 3275?
25
Let x(r) = 3*r**3 - 10*r**2 + 2*r + 6. Let w be x(3). Suppose -2*q = 2*f - 116, -4*f = 5*q - w*q - 242. Calculate the highest common divisor of f and 9.
9
Let m be 8 - ((-10 - -15) + -12). Calculate the greatest common divisor of 2700 and m.
15
Let v(l) = -l**3 - 8*l**2 + 80*l + 567. Let m be v(-6). What is the greatest common factor of m and 40665?
15
Let q(r) = 2*r**3 - 5*r**2 - 29*r + 78. Let v be q(6). Calculate the highest common divisor of v and 1482.
78
Let u = 257 + -266. Let w(a) = -5*a + 165. Let c be w(u). What is the highest common factor of 30 and c?
30
Let h(u) = 2*u**2 - 6*u - 5. Let f be h(5). Let s be (-5)/(f/(-4)*10/45). Calculate the greatest common divisor of s and 24.
6
Let n be (-1665)/(-2)*2044/5110. Suppose 4*z + z = b + 47, -49 = -5*z + 2*b. Calculate the greatest common factor of z and n.
9
Suppose -525 = 8*c - 11*c + 5*i, 5*i + 165 = c. Calculate the highest common factor of 36 and c.
36
Suppose 97*m - 24 = 89*m. Suppose m*y = -4*q - q + 107, -q + 3 = -4*y. What is the greatest common divisor of 171 and q?
19
Suppose 8*w + 8 = 12*w. Suppose -3*b - 3*i = 2*i - 45, -2*b - w*i = -26. Calculate the highest common factor of 40 and b.
10
Let m = 66 + -63. Let j be m + -2 + (6 - (-2)/(-2)). Let a be (j/(-8))/((-1)/4). What is the highest common divisor of 3 and a?
3
Let a(s) = 8*s**2 - 9*s + 23. Let c be a(7). Suppose -c = d - 9*d. Let i be -10*((-6)/15 - 0). Calculate the greatest common factor of i and d.
4
Suppose -5*o = 2*z - 532, 12*z - 10*z + 316 = 3*o. What is the highest common divisor of o and 2279?
53
Let v(j) = j**3 + 17*j**2 + 124*j + 789. Let a be v(-12). Calculate the highest common factor of a and 4739.
7
Suppose 0 = -t + 20 - 2. Let h = 20 + 63. Let g = 209 - h. Calculate the highest common divisor of g and t.
18
Let c(m) = m**3 + 6*m**2 + 12*m + 41. Suppose 28 = 11*a - 18*a. Let s be c(a). What is the highest common factor of 275 and s?
25
Let x be (4 - -160) + (-2 - (-3)/1). Suppose 4*h - 100 = 92. Let d = x - h. What is the greatest common factor of d and 78?
39
Suppose 2*g + 2*g + 5*a = 15, 0 = 5*g - 2*a - 60. Let x(y) = y**2 + 4*y - 40. Let c be x(g). Calculate the highest common divisor of c and 60.
20
Let j be (76/114)/(2/(-1209))*-25. Calculate the highest common divisor of 26 and j.
13
Suppose 3834 = 52*a - 4549 - 3577. What is the greatest common divisor of 320 and a?
10
Suppose 134*k - 8*k = 252. What is the greatest common factor of k and 89?
1
Let o = -524 + 536. Let g(h) = h**3 - 5*h**2 - 2*h - 10. Let i be g(5). Let x = i - -62. Calculate the greatest common factor of o and x.
6
Suppose -6*t - 504 = -528. Suppose 0 = t*r + 13*r - 13668. Calculate the greatest common factor of r and 12.
12
Let f be (-276)/(-14) - 14/(-49)*1. Suppose -16*x + 620 + f = 0. What is the highest common factor of 24 and x?
8
Let g = 10 + -13. Let q be g - (98 - -1)/(-3). Suppose 11*w - 120 = -w. Calculate the greatest common factor of w and q.
10
Let o = 21673 + -21639. Calculate the highest common factor of 10 and o.
2
Let c = 23450 + -23400. What is the greatest common factor of c and 118?
2
Suppose -3*s = 0, -432 = -9*u + 5*u + 4*s. Suppose 15*c = 9*c + 144. Calculate the highest common factor of u and c.
12
Let r = 206 - 74. Let o be (1*r)/(9/18). What is the highest common factor of 33 and o?
33
Let f be 80/600 - 208*(-5)/75. Calculate the greatest common factor of f and 16282.
14
Let f be ((-357409)/(-26) - -14) + (-2)/4. What is the greatest common divisor of 20 and f?
20
Let w(i) = i - 15. Let q be w(7). Let d be (2/q)/((-3)/12). Let f be ((-2)/6)/(d/(-9)). Calculate the greatest common divisor of f and 6.
3
Let n be 15*(5/(-3) - (-4)/(-12)). Let h = 5 + n. Let w = h + 79. What is the highest common factor of 6 and w?
6
Let b be -28 - 8/6*15/(-10). Let r be (-22)/b - 2/(-13). Let w be (51/15 - 3)*5/r. What is the greatest common divisor of 10 and w?
2
Let y be (-2450 - (0 + -2))*(12 + 475/(-38)). What is the greatest common divisor of y and 90?
18
Suppose -225*q = -47*q - 13884. Calculate the greatest common divisor of q and 3198.
78
Suppose -14*h = -415 - 929. Suppose -z - 67 = -f - f, 0 = -z - 3. What is the highest common factor of h and f?
32
Let c(o) = -2*o**3 - 10*o**2 + 38*o + 50. Let u be c(-8). Calculate the highest common factor of u and 330.
10
Let z be (-1)/3*(13 + -12) + (-425)/(-15). Calculate the greatest common factor of z and 2065.
7
Let i be ((-44)/(-12))/(-11)*6 - -1*5. Suppose 0 = -2*n + 4*n - 22. What is the greatest common divisor of i and n?
1
Suppose -4*b - 20 = 0, -o + 23*b = 27*b - 183. What is the greatest common factor of o and 2175?
29
Suppose -2*i = 0, 0*h + h - 90 = 4*i. Let u = -258 + 312. What is the highest common divisor of h and u?
18
Let g = 5335 - 3076. Calculate the highest common divisor of g and 9.
9
Let p be 0 + 4*751 + 32/160*40. What is the greatest common factor of 60 and p?
12
Let n be 700 - (120/(-42) - -2)/(30/140). What is the greatest common divisor of 272 and n?
16
Let t(s) = -s**2 - 7*s + 4. Let v be t(-7). Suppose 2 + v = 3*f. Suppose 0*w - 22 = -f*w. What is the greatest common divisor of w and 1?
1
Let s be (55/20)/((1/76)/1). Suppose 5*g - 229 = -s. Let y be -9*g/(-12) + 21. What is the greatest common divisor of 32 and y?
8
Let p = -2243 - -4083. Calculate the greatest common factor of 80 and p.
80
Suppose 5*q - 70 = -4*i + 8*i, 0 = 4*q - 5*i - 65. Let v = 600 - 301. Suppose 296*w - v*w + 210 = 0. Calculate the greatest common factor of w and q.
10
Let g(p) = 2*p**3 - 13*p**2 + 4*p - 65. Let n be g(9). What is the greatest common factor of n and 3666?
94
Suppose 15*t - 5869 = 476. Suppose -111*w - t = -120*w. What is the highest common divisor of w and 752?
47
Suppose -7*o = g - 2*o - 2086, 8319 = 4*g - 5*o. Let p = -931 + g. What is the highest common factor of p and 50?
50
Suppose -4 = -4*x - 16, 2*j - 5*x = 69. Calculate the highest common divisor of j and 9.
9
Let v(s) = -s**3 - 6*s**2 + 6*s + 1. Let r be v(-7). Let u = 254 - 165. Suppose 11 = 5*w - u. What is the highest common divisor of r and w?
4
Let g(b) = 28*b - 479. Let u(j) = 6*j - 96. Let t(l) = 2*g(l) - 11*u(l). Let p be t(7). Calculate the highest common divisor of p and 308.
28
Let d be (-1)/((-3)/(-9)) + 1. Let w be (-3)/d*(-6)/(-9). Let u = w - -11. What is the highest common factor of 24 and u?
12
Suppose 0 = 3*v, -v + 3*v = -4*l. Suppose -4 = -p, l*p - 2*p - 40 = -2*c. What is the greatest common factor of c and 108?
12
Let i be 2/5 - 26/(-10). Let y be 4/(151/50 - i). Let x(d) = -d**3 - 10*d**2 - 11*d + 7. Let t be x(-9). Calculate the highest common factor of y and t.
25
Suppose -5*r = 3*g - 60832, 142*r - 20280 = -g + 140*r. Calculate the highest common divisor of 34 and g.
34
Let r = -1471 - -1488. What is the highest common factor of r and 1530?
17
Let f = -310 + 320. Suppose c + 216 = f*c. What is the highest common factor of c and 18?
6
Let p = 27499 - 27472. What is the greatest common factor of 6453 and p?
27
Let u(v) be the first derivative of -v**3/3 - 7*v**2 + 23*v - 3. Let q be u(-11). What is the greatest common factor of q and 7?
7
Let d(h) = -h**2 - 6*h + 3. Let x be d(-6). Suppose -x*b = -22 - 8. Let n be (-20)/(-12) - (-3300)/396. Calculate the greatest common divisor of b and n.
10
Let f = -58 - -70. Suppose -10 = x - f. Let i be 28 + (x - -4)/3. Calculate the greatest common divisor of i and 12.
6
Suppose 2*b - 24 = 5*w + 111, 0 = -4*b + w + 279. What is the greatest common divisor of 7532 and b?
14
Suppose 4*n - 17*n + 1911 + 2522 = 0. Calculate the highest common divisor of 4123 and n.
31
Let j be 5 - 5/(-20)*188. Let r(y) = y**3 + 10*y**2 - 2*y - 7. Suppose 2*c - 10 = 3*c. Let o be r(c). Calculate the greatest comm